{"id":991,"date":"2017-06-05T08:38:44","date_gmt":"2017-06-05T08:38:44","guid":{"rendered":"http:\/\/knjiznice.nsk.hr\/babina-greda\/?page_id=991"},"modified":"2017-06-05T08:38:44","modified_gmt":"2017-06-05T08:38:44","slug":"jelas","status":"publish","type":"page","link":"http:\/\/knjiznice.nsk.hr\/babina-greda\/kucice-knjiznice\/jelas\/","title":{"rendered":"Jelas"},"content":{"rendered":"<p><strong>&nbsp; Hrvat<\/strong><strong>ska selja\u010dka \u010ditaonica (Jelas)<\/strong> osnovana je 1912. godine. Zgrada je obnovljena 1987.\/1988. godine. U \u010ditaonici se okupljaju mje\u0161tani tog dijela Babine Grede. Organiziraju se riblje ve\u010deri, dr<a href=\"http:\/\/knjiznice.nsk.hr\/babina-greda\/wp-content\/uploads\/sites\/72\/2017\/06\/DSC_0374.jpg\"><img loading=\"lazy\" class=\"size-medium wp-image-989 alignleft\" src=\"http:\/\/knjiznice.nsk.hr\/babina-greda\/wp-content\/uploads\/sites\/72\/2017\/06\/DSC_0374-169x300.jpg\" alt=\"\" width=\"169\" height=\"300\" srcset=\"http:\/\/knjiznice.nsk.hr\/babina-greda\/wp-content\/uploads\/sites\/72\/2017\/06\/DSC_0374-169x300.jpg 169w, http:\/\/knjiznice.nsk.hr\/babina-greda\/wp-content\/uploads\/sites\/72\/2017\/06\/DSC_0374.jpg 298w\" sizes=\"(max-width: 169px) 100vw, 169px\" \/><\/a>u\u0161tvena okupljanja, igraju se dru\u0161tvene igre i \u0161ah.<\/p>\n<p>Postavljena je i \u010detvrta ku\u0107ica-knji\u017enica.&nbsp;<\/p>\n<p>Dragi mje\u0161tani, slobodno uzmite i \u010ditajte knjige! Nove knjige sti\u017eu za nepuna dva tjedna!&nbsp;<\/p>\n<p><a href=\"http:\/\/knjiznice.nsk.hr\/babina-greda\/wp-content\/uploads\/sites\/72\/2017\/06\/DSC_0375.jpg\"><img loading=\"lazy\" class=\"size-medium wp-image-990 alignright\" src=\"http:\/\/knjiznice.nsk.hr\/babina-greda\/wp-content\/uploads\/sites\/72\/2017\/06\/DSC_0375-169x300.jpg\" alt=\"\" width=\"169\" height=\"300\" srcset=\"http:\/\/knjiznice.nsk.hr\/babina-greda\/wp-content\/uploads\/sites\/72\/2017\/06\/DSC_0375-169x300.jpg 169w, http:\/\/knjiznice.nsk.hr\/babina-greda\/wp-content\/uploads\/sites\/72\/2017\/06\/DSC_0375.jpg 298w\" sizes=\"(max-width: 169px) 100vw, 169px\" \/><\/a><\/p>\n<p>&nbsp;<\/p>\n","protected":false},"excerpt":{"rendered":"<p>&nbsp; Hrvatska selja\u010dka \u010ditaonica (Jelas) osnovana je 1912. godine. Zgrada je obnovljena 1987.\/1988. godine. U \u010ditaonici se okupljaju mje\u0161tani tog dijela Babine Grede. Organiziraju se riblje ve\u010deri, dru\u0161tvena okupljanja, igraju se dru\u0161tvene igre i \u0161ah. Postavljena je i \u010detvrta ku\u0107ica-knji\u017enica.&nbsp; Dragi mje\u0161tani, slobodno uzmite i \u010ditajte knjige! Nove knjige sti\u017eu za nepuna dva tjedna!&nbsp; &nbsp;<\/p>\n","protected":false},"author":86,"featured_media":0,"parent":906,"menu_order":0,"comment_status":"closed","ping_status":"closed","template":"","meta":{"ngg_post_thumbnail":0},"yoast_head":"<!-- This site is optimized with the Yoast SEO plugin v16.4 - https:\/\/yoast.com\/wordpress\/plugins\/seo\/ -->\n<title>Jelas &ndash; Op\u0107inska narodna knji\u017enica Babina Greda<\/title>\n<meta name=\"description\" content=\"Op\u0107inska narodna knji\u017enica Babina Greda Jelas &ndash;\" \/>\n<meta name=\"robots\" content=\"index, follow, max-snippet:-1, max-image-preview:large, max-video-preview:-1\" \/>\n<link rel=\"canonical\" href=\"http:\/\/knjiznice.nsk.hr\/babina-greda\/kucice-knjiznice\/jelas\/\" \/>\n<meta property=\"og:locale\" content=\"hr_HR\" \/>\n<meta property=\"og:type\" content=\"article\" \/>\n<meta property=\"og:title\" content=\"Jelas &ndash; Op\u0107inska narodna knji\u017enica Babina Greda\" \/>\n<meta property=\"og:description\" content=\"Op\u0107inska narodna knji\u017enica Babina Greda Jelas &ndash;\" \/>\n<meta property=\"og:url\" content=\"http:\/\/knjiznice.nsk.hr\/babina-greda\/kucice-knjiznice\/jelas\/\" \/>\n<meta property=\"og:site_name\" content=\"Op\u0107inska narodna knji\u017enica Babina Greda\" \/>\n<meta property=\"article:publisher\" content=\"https:\/\/web.facebook.com\/opcinska.narodna.knjiznica.babina.greda\/?ref=bookmarks\" \/>\n<meta property=\"og:image\" content=\"http:\/\/knjiznice.nsk.hr\/babina-greda\/wp-content\/uploads\/sites\/72\/2017\/06\/DSC_0374-169x300.jpg\" \/>\n<script type=\"application\/ld+json\" class=\"yoast-schema-graph\">{\"@context\":\"https:\/\/schema.org\",\"@graph\":[{\"@type\":\"Organization\",\"@id\":\"http:\/\/knjiznice.nsk.hr\/babina-greda\/#organization\",\"name\":\"Op\\u0107inska narodna knji\\u017enica Babina Greda\",\"url\":\"http:\/\/knjiznice.nsk.hr\/babina-greda\/\",\"sameAs\":[\"https:\/\/web.facebook.com\/opcinska.narodna.knjiznica.babina.greda\/?ref=bookmarks\",\"https:\/\/www.instagram.com\/narodnaknjiznica_bg\/\",\"https:\/\/www.youtube.com\/channel\/UC4GLISM7P4Kh8XCIuNsLjHA?view_as=subscriber\"],\"logo\":{\"@type\":\"ImageObject\",\"@id\":\"http:\/\/knjiznice.nsk.hr\/babina-greda\/#logo\",\"inLanguage\":\"hr\",\"url\":\"http:\/\/knjiznice.nsk.hr\/babina-greda\/wp-content\/uploads\/sites\/72\/2017\/05\/logo.jpg\",\"contentUrl\":\"http:\/\/knjiznice.nsk.hr\/babina-greda\/wp-content\/uploads\/sites\/72\/2017\/05\/logo.jpg\",\"width\":1056,\"height\":1368,\"caption\":\"Op\\u0107inska narodna knji\\u017enica Babina Greda\"},\"image\":{\"@id\":\"http:\/\/knjiznice.nsk.hr\/babina-greda\/#logo\"}},{\"@type\":\"WebSite\",\"@id\":\"http:\/\/knjiznice.nsk.hr\/babina-greda\/#website\",\"url\":\"http:\/\/knjiznice.nsk.hr\/babina-greda\/\",\"name\":\"Op\\u0107inska narodna knji\\u017enica Babina Greda\",\"description\":\"\",\"publisher\":{\"@id\":\"http:\/\/knjiznice.nsk.hr\/babina-greda\/#organization\"},\"potentialAction\":[{\"@type\":\"SearchAction\",\"target\":\"http:\/\/knjiznice.nsk.hr\/babina-greda\/?s={search_term_string}\",\"query-input\":\"required name=search_term_string\"}],\"inLanguage\":\"hr\"},{\"@type\":\"ImageObject\",\"@id\":\"http:\/\/knjiznice.nsk.hr\/babina-greda\/kucice-knjiznice\/jelas\/#primaryimage\",\"inLanguage\":\"hr\",\"url\":\"http:\/\/knjiznice.nsk.hr\/babina-greda\/wp-content\/uploads\/sites\/72\/2017\/06\/DSC_0374.jpg\",\"contentUrl\":\"http:\/\/knjiznice.nsk.hr\/babina-greda\/wp-content\/uploads\/sites\/72\/2017\/06\/DSC_0374.jpg\",\"width\":298,\"height\":530},{\"@type\":\"WebPage\",\"@id\":\"http:\/\/knjiznice.nsk.hr\/babina-greda\/kucice-knjiznice\/jelas\/#webpage\",\"url\":\"http:\/\/knjiznice.nsk.hr\/babina-greda\/kucice-knjiznice\/jelas\/\",\"name\":\"Jelas &ndash; Op\\u0107inska narodna knji\\u017enica Babina Greda\",\"isPartOf\":{\"@id\":\"http:\/\/knjiznice.nsk.hr\/babina-greda\/#website\"},\"primaryImageOfPage\":{\"@id\":\"http:\/\/knjiznice.nsk.hr\/babina-greda\/kucice-knjiznice\/jelas\/#primaryimage\"},\"datePublished\":\"2017-06-05T08:38:44+00:00\",\"dateModified\":\"2017-06-05T08:38:44+00:00\",\"description\":\"Op\\u0107inska narodna knji\\u017enica Babina Greda Jelas &ndash;\",\"breadcrumb\":{\"@id\":\"http:\/\/knjiznice.nsk.hr\/babina-greda\/kucice-knjiznice\/jelas\/#breadcrumb\"},\"inLanguage\":\"hr\",\"potentialAction\":[{\"@type\":\"ReadAction\",\"target\":[\"http:\/\/knjiznice.nsk.hr\/babina-greda\/kucice-knjiznice\/jelas\/\"]}]},{\"@type\":\"BreadcrumbList\",\"@id\":\"http:\/\/knjiznice.nsk.hr\/babina-greda\/kucice-knjiznice\/jelas\/#breadcrumb\",\"itemListElement\":[{\"@type\":\"ListItem\",\"position\":1,\"item\":{\"@type\":\"WebPage\",\"@id\":\"http:\/\/knjiznice.nsk.hr\/babina-greda\/\",\"url\":\"http:\/\/knjiznice.nsk.hr\/babina-greda\/\",\"name\":\"Po\\u010detna stranica\"}},{\"@type\":\"ListItem\",\"position\":2,\"item\":{\"@type\":\"WebPage\",\"@id\":\"http:\/\/knjiznice.nsk.hr\/babina-greda\/kucice-knjiznice\/\",\"url\":\"http:\/\/knjiznice.nsk.hr\/babina-greda\/kucice-knjiznice\/\",\"name\":\"Ku\\u0107ice-knji\\u017enice\"}},{\"@type\":\"ListItem\",\"position\":3,\"item\":{\"@id\":\"http:\/\/knjiznice.nsk.hr\/babina-greda\/kucice-knjiznice\/jelas\/#webpage\"}}]}]}<\/script>\n<!-- \/ Yoast SEO plugin. -->","_links":{"self":[{"href":"http:\/\/knjiznice.nsk.hr\/babina-greda\/wp-json\/wp\/v2\/pages\/991"}],"collection":[{"href":"http:\/\/knjiznice.nsk.hr\/babina-greda\/wp-json\/wp\/v2\/pages"}],"about":[{"href":"http:\/\/knjiznice.nsk.hr\/babina-greda\/wp-json\/wp\/v2\/types\/page"}],"author":[{"embeddable":true,"href":"http:\/\/knjiznice.nsk.hr\/babina-greda\/wp-json\/wp\/v2\/users\/86"}],"replies":[{"embeddable":true,"href":"http:\/\/knjiznice.nsk.hr\/babina-greda\/wp-json\/wp\/v2\/comments?post=991"}],"version-history":[{"count":1,"href":"http:\/\/knjiznice.nsk.hr\/babina-greda\/wp-json\/wp\/v2\/pages\/991\/revisions"}],"predecessor-version":[{"id":992,"href":"http:\/\/knjiznice.nsk.hr\/babina-greda\/wp-json\/wp\/v2\/pages\/991\/revisions\/992"}],"up":[{"embeddable":true,"href":"http:\/\/knjiznice.nsk.hr\/babina-greda\/wp-json\/wp\/v2\/pages\/906"}],"wp:attachment":[{"href":"http:\/\/knjiznice.nsk.hr\/babina-greda\/wp-json\/wp\/v2\/media?parent=991"}],"curies":[{"name":"wp","href":"https:\/\/api.w.org\/{rel}","templated":true}]}}

<p><strong>&nbsp; Hrvat</strong><strong>ska seljačka čitaonica (Jelas)</strong> osnovana je 1912. godine. Zgrada je obnovljena 1987./1988. godine. U čitaonici se okupljaju mještani tog dijela Babine Grede. Organiziraju se riblje večeri, dr<a href="http://knjiznice.nsk.hr/babina-greda/wp-content/uploads/sites/72/2017/06/DSC_0374.jpg"><img loading="lazy" class="size-medium wp-image-989 alignleft" src="http://knjiznice.nsk.hr/babina-greda/wp-content/uploads/sites/72/2017/06/DSC_0374-169x300.jpg" alt="" width="169" height="300" srcset="http://knjiznice.nsk.hr/babina-greda/wp-content/uploads/sites/72/2017/06/DSC_0374-169x300.jpg 169w, http://knjiznice.nsk.hr/babina-greda/wp-content/uploads/sites/72/2017/06/DSC_0374.jpg 298w" sizes="(max-width: 169px) 100vw, 169px" /></a>uštvena okupljanja, igraju se društvene igre i šah.</p>
<p>Postavljena je i četvrta kućica-knjižnica.&nbsp;</p>
<p>Dragi mještani, slobodno uzmite i čitajte knjige! Nove knjige stižu za nepuna dva tjedna!&nbsp;</p>
<p><a href="http://knjiznice.nsk.hr/babina-greda/wp-content/uploads/sites/72/2017/06/DSC_0375.jpg"><img loading="lazy" class="size-medium wp-image-990 alignright" src="http://knjiznice.nsk.hr/babina-greda/wp-content/uploads/sites/72/2017/06/DSC_0375-169x300.jpg" alt="" width="169" height="300" srcset="http://knjiznice.nsk.hr/babina-greda/wp-content/uploads/sites/72/2017/06/DSC_0375-169x300.jpg 169w, http://knjiznice.nsk.hr/babina-greda/wp-content/uploads/sites/72/2017/06/DSC_0375.jpg 298w" sizes="(max-width: 169px) 100vw, 169px" /></a></p>
<p>&nbsp;</p>

<p>&nbsp; Hrvatska seljačka čitaonica (Jelas) osnovana je 1912. godine. Zgrada je obnovljena 1987./1988. godine. U čitaonici se okupljaju mještani tog dijela Babine Grede. Organiziraju se riblje večeri, društvena okupljanja, igraju se društvene igre i šah. Postavljena je i četvrta kućica-knjižnica.&nbsp; Dragi mještani, slobodno uzmite i čitajte knjige! Nove knjige stižu za nepuna dva tjedna!&nbsp; &nbsp;</p>

<!-- This site is optimized with the Yoast SEO plugin v16.4 - https://yoast.com/wordpress/plugins/seo/ -->
<title>Jelas &ndash; Općinska narodna knjižnica Babina Greda</title>
<meta name="description" content="Općinska narodna knjižnica Babina Greda Jelas &ndash;" />
<meta name="robots" content="index, follow, max-snippet:-1, max-image-preview:large, max-video-preview:-1" />
<link rel="canonical" href="http://knjiznice.nsk.hr/babina-greda/kucice-knjiznice/jelas/" />
<meta property="og:locale" content="hr_HR" />
<meta property="og:type" content="article" />
<meta property="og:title" content="Jelas &ndash; Općinska narodna knjižnica Babina Greda" />
<meta property="og:description" content="Općinska narodna knjižnica Babina Greda Jelas &ndash;" />
<meta property="og:url" content="http://knjiznice.nsk.hr/babina-greda/kucice-knjiznice/jelas/" />
<meta property="og:site_name" content="Općinska narodna knjižnica Babina Greda" />
<meta property="article:publisher" content="https://web.facebook.com/opcinska.narodna.knjiznica.babina.greda/?ref=bookmarks" />
<meta property="og:image" content="http://knjiznice.nsk.hr/babina-greda/wp-content/uploads/sites/72/2017/06/DSC_0374-169x300.jpg" />
<script type="application/ld+json" class="yoast-schema-graph">{"@context":"https://schema.org","@graph":[{"@type":"Organization","@id":"http://knjiznice.nsk.hr/babina-greda/#organization","name":"Op\u0107inska narodna knji\u017enica Babina Greda","url":"http://knjiznice.nsk.hr/babina-greda/","sameAs":["https://web.facebook.com/opcinska.narodna.knjiznica.babina.greda/?ref=bookmarks","https://www.instagram.com/narodnaknjiznica_bg/","https://www.youtube.com/channel/UC4GLISM7P4Kh8XCIuNsLjHA?view_as=subscriber"],"logo":{"@type":"ImageObject","@id":"http://knjiznice.nsk.hr/babina-greda/#logo","inLanguage":"hr","url":"http://knjiznice.nsk.hr/babina-greda/wp-content/uploads/sites/72/2017/05/logo.jpg","contentUrl":"http://knjiznice.nsk.hr/babina-greda/wp-content/uploads/sites/72/2017/05/logo.jpg","width":1056,"height":1368,"caption":"Op\u0107inska narodna knji\u017enica Babina Greda"},"image":{"@id":"http://knjiznice.nsk.hr/babina-greda/#logo"}},{"@type":"WebSite","@id":"http://knjiznice.nsk.hr/babina-greda/#website","url":"http://knjiznice.nsk.hr/babina-greda/","name":"Op\u0107inska narodna knji\u017enica Babina Greda","description":"","publisher":{"@id":"http://knjiznice.nsk.hr/babina-greda/#organization"},"potentialAction":[{"@type":"SearchAction","target":"http://knjiznice.nsk.hr/babina-greda/?s={search_term_string}","query-input":"required name=search_term_string"}],"inLanguage":"hr"},{"@type":"ImageObject","@id":"http://knjiznice.nsk.hr/babina-greda/kucice-knjiznice/jelas/#primaryimage","inLanguage":"hr","url":"http://knjiznice.nsk.hr/babina-greda/wp-content/uploads/sites/72/2017/06/DSC_0374.jpg","contentUrl":"http://knjiznice.nsk.hr/babina-greda/wp-content/uploads/sites/72/2017/06/DSC_0374.jpg","width":298,"height":530},{"@type":"WebPage","@id":"http://knjiznice.nsk.hr/babina-greda/kucice-knjiznice/jelas/#webpage","url":"http://knjiznice.nsk.hr/babina-greda/kucice-knjiznice/jelas/","name":"Jelas &ndash; Op\u0107inska narodna knji\u017enica Babina Greda","isPartOf":{"@id":"http://knjiznice.nsk.hr/babina-greda/#website"},"primaryImageOfPage":{"@id":"http://knjiznice.nsk.hr/babina-greda/kucice-knjiznice/jelas/#primaryimage"},"datePublished":"2017-06-05T08:38:44+00:00","dateModified":"2017-06-05T08:38:44+00:00","description":"Op\u0107inska narodna knji\u017enica Babina Greda Jelas &ndash;","breadcrumb":{"@id":"http://knjiznice.nsk.hr/babina-greda/kucice-knjiznice/jelas/#breadcrumb"},"inLanguage":"hr","potentialAction":[{"@type":"ReadAction","target":["http://knjiznice.nsk.hr/babina-greda/kucice-knjiznice/jelas/"]}]},{"@type":"BreadcrumbList","@id":"http://knjiznice.nsk.hr/babina-greda/kucice-knjiznice/jelas/#breadcrumb","itemListElement":[{"@type":"ListItem","position":1,"item":{"@type":"WebPage","@id":"http://knjiznice.nsk.hr/babina-greda/","url":"http://knjiznice.nsk.hr/babina-greda/","name":"Po\u010detna stranica"}},{"@type":"ListItem","position":2,"item":{"@type":"WebPage","@id":"http://knjiznice.nsk.hr/babina-greda/kucice-knjiznice/","url":"http://knjiznice.nsk.hr/babina-greda/kucice-knjiznice/","name":"Ku\u0107ice-knji\u017enice"}},{"@type":"ListItem","position":3,"item":{"@id":"http://knjiznice.nsk.hr/babina-greda/kucice-knjiznice/jelas/#webpage"}}]}]}</script>
<!-- / Yoast SEO plugin. -->
